
Is 1257441058 a multiple of 1444?
False
Is 159580064 a multiple of 62?
True
Does 142 divide 114885384?
True
Is 95103360 a multiple of 384?
True
Is 244 a factor of 26743150?
False
Does 229 divide 2484816025?
True
Is 109621340 a multiple of 17?
False
Is 3392810388 a multiple of 44?
True
Is 92 a factor of 219880?
True
Is 190 a factor of 7316140?
True
Is 16 a factor of 317106532?
False
Is 4331313 a multiple of 189?
True
Is 268 a factor of 558581405?
False
Is 765312276 a multiple of 12?
True
Is 50012895 a multiple of 207?
False
Is 38 a factor of 30290674?
True
Does 11 divide 25321714?
True
Does 5374 divide 523260096?
False
Is 290 a factor of 53358099?
False
Is 109868370 a multiple of 83?
False
Is 606854835 a multiple of 81?
True
Is 1309965580 a multiple of 77?
True
Does 267 divide 578917998?
False
Does 215 divide 1124201157?
False
Is 2904664288 a multiple of 11?
False
Does 32 divide 87465268?
False
Is 495823690 a multiple of 3852?
False
Is 20601510 a multiple of 38?
True
Does 649 divide 19419855?
False
Is 40327780 a multiple of 6?
False
Does 38 divide 190077256?
False
Is 3 a factor of 37695888?
True
Does 2210 divide 204619480?
True
Is 25513015 a multiple of 72?
False
Is 2267880 a multiple of 120?
True
Is 1626454704 a multiple of 43?
True
Does 61 divide 13763918?
True
Is 21038881 a multiple of 10?
False
Does 390 divide 768900796?
False
Does 1158 divide 604705?
False
Is 1496738394 a multiple of 73?
False
Is 1741 a factor of 773730902?
False
Is 7493880 a multiple of 40?
True
Is 74 a factor of 8635427?
False
Is 6 a factor of 40609230?
True
Does 364 divide 159825514?
False
Is 851943006 a multiple of 18?
True
Is 217700232 a multiple of 578?
True
Is 1377 a factor of 189504018?
False
Is 520 a factor of 18712505?
False
Is 120672957 a multiple of 69?
False
Does 2 divide 16103775?
False
Does 14 divide 1760360609?
False
Does 56 divide 32490129?
False
Is 3622841614 a multiple of 954?
False
Is 2917 a factor of 12015123?
True
Is 24351956 a multiple of 71?
False
Is 277 a factor of 969411083?
True
Is 611 a factor of 3492074573?
True
Is 1020 a factor of 205756519?
False
Is 222 a factor of 31172150?
False
Is 26 a factor of 260525496?
False
Is 390 a factor of 31632760?
False
Is 18789885 a multiple of 70?
False
Does 7 divide 33365999?
False
Does 8 divide 832404?
False
Is 54373340 a multiple of 3437?
True
Is 9 a factor of 476903044?
False
Does 1928 divide 1286193669?
False
Is 16 a factor of 116697678?
False
Is 2924005743 a multiple of 884?
False
Does 364 divide 590491413?
False
Is 3 a factor of 5940699?
True
Is 10799544 a multiple of 299?
False
Is 1775112336 a multiple of 363?
False
Is 952689037 a multiple of 18?
False
Is 19 a factor of 83182741?
True
Is 36254478 a multiple of 143?
False
Is 2382774848 a multiple of 3392?
True
Does 39 divide 80275578?
False
Is 7316 a factor of 724818068?
True
Does 28 divide 1453088693?
False
Is 169 a factor of 34516053?
True
Does 53 divide 33355603?
True
Is 25926236 a multiple of 49?
False
Is 47824538 a multiple of 226?
True
Is 1619115498 a multiple of 99?
True
Is 63254859 a multiple of 4?
False
Does 13 divide 1255115004?
True
Is 5740755 a multiple of 32?
False
Is 5135026 a multiple of 28?
False
Is 99954761 a multiple of 139?
True
Is 393524323 a multiple of 1210?
False
Is 3574 a factor of 204318432?
True
Is 15833556 a multiple of 96?
False
Is 23 a factor of 41647558?
False
Is 146409071 a multiple of 45?
False
Is 557900426 a multiple of 326?
True
Does 3640 divide 53137427?
False
Is 16 a factor of 1909991713?
False
Is 1109361899 a multiple of 144?
False
Is 22465572 a multiple of 1587?
True
Does 5 divide 15597090?
True
Does 154 divide 92836744?
True
Does 4 divide 42968344?
True
Does 118 divide 71955108?
False
Is 13 a factor of 219143883?
False
Is 82418953 a multiple of 2?
False
Is 9 a factor of 7276171?
False
Does 16 divide 42288949?
False
Is 584 a factor of 560413432?
False
Does 3004 divide 36457966?
False
Does 111 divide 1201575?
True
Is 507 a factor of 92912008?
False
Does 7 divide 10720431?
False
Is 1048158891 a multiple of 46?
False
Is 96 a factor of 309364416?
True
Is 8099 a factor of 1642714850?
False
Is 367 a factor of 974164595?
False
Does 100 divide 840591400?
True
Is 1509 a factor of 949665006?
True
Is 132858110 a multiple of 770?
True
Is 1646 a factor of 2542640394?
True
Does 81 divide 63765792?
True
Is 12 a factor of 657204?
True
Is 1836 a factor of 626292462?
False
Does 95 divide 4192319752?
False
Is 1573519544 a multiple of 424?
True
Does 1442 divide 227893791?
False
Does 25 divide 69689350?
True
Is 25475113 a multiple of 11?
False
Is 841 a factor of 27747113?
True
Does 226 divide 5532556?
False
Is 967 a factor of 1624486508?
True
Does 12 divide 86549090?
False
Is 2175033042 a multiple of 14?
True
Does 27 divide 622291059?
True
Is 9035444 a multiple of 1187?
True
Is 225288 a multiple of 12?
True
Is 276879786 a multiple of 6?
True
Is 2621037968 a multiple of 272?
True
Is 5 a factor of 27603351?
False
Is 130 a factor of 1735213237?
False
Does 267 divide 96358965?
True
Does 41 divide 708955725?
False
Is 25017528 a multiple of 664?
True
Does 61 divide 105845370?
True
Is 17 a factor of 49063952?
False
Is 234 a factor of 15234336?
True
Is 60193896 a multiple of 8?
True
Does 53 divide 9725076?
True
Is 142 a factor of 1260543778?
False
Is 738 a factor of 50506506?
True
Does 6 divide 44846558?
False
Is 3823035840 a multiple of 720?
True
Does 260 divide 10523953?
False
Does 612 divide 30450060?
True
Does 110 divide 82808770?
True
Is 8875243 a multiple of 43?
True
Is 69 a factor of 8916801?
True
Is 5 a factor of 6518435?
True
Is 39669564 a multiple of 11?
True
Does 35 divide 487755130?
False
Is 3 a factor of 1017510?
True
Is 25 a factor of 176396090?
False
Is 8 a factor of 56457096?
True
Is 145 a factor of 36569000?
True
Is 57150390 a multiple of 908?
False
Does 9 divide 26249799?
False
Is 18 a factor of 770019516?
True
Is 43 a factor of 11095449?
False
Is 294510426 a multiple of 8?
False
Is 22054696 a multiple of 194?
True
Is 33 a factor of 2985722?
False
Is 39139734 a multiple of 1102?
True
Is 20807466 a multiple of 6?
True
Is 1938447600 a multiple of 4710?
True
Is 56 a factor of 292218080?
True
Does 14 divide 22846015?
False
Does 1524 divide 1474076808?
True
Does 4512 divide 443109984?
True
Is 358 a factor of 3268689?
False
Is 8 a factor of 3320224?
True
Is 3192 a factor of 782041337?
False
Is 192 a factor of 464879808?
True
Is 5805 a factor of 682284870?
True
Is 72229353 a multiple of 31?
False
Does 18 divide 2859804995?
False
Is 1219044772 a multiple of 5182?
True
Is 75906600 a multiple of 11?
True
Does 19 divide 6903563995?
False
Does 68 divide 8895556?
True
Does 76 divide 111127749?
False
Is 3060673 a multiple of 33?
False
Does 7 divide 71777120?
False
Is 1479626914 a multiple of 418?
False
Does 5695 divide 290675727?
False
Is 118 a factor of 10761010?
True
Does 7 divide 15067702?
False
Is 8664 a factor of 3840621240?
True
Does 3947 divide 182884245?
True
Is 37794210 a multiple of 205?
True
Is 1368 a factor of 14320852?
False
Is 100974915 a multiple of 15?
True
Is 12054984 a multiple of 492?
True
Is 1167 a factor of 86736919?
False
Is 386890392 a multiple of 266?
False
Is 26351934 a multiple of 1491?
True
Is 914760639 a multiple of 14?
False
Does 7390 divide 265431601?
False
Is 31022117 a multiple of 7?
True
Is 1427064925 a multiple of 143?
True
Does 44 divide 1069435884?
True
Is 11589061 a multiple of 15?
False
Is 1628175145 a multiple of 174?
False
Is 4 a factor of 74774164?
True
Is 318425393 a multiple of 41?
True
Does 456 divide 36063308?
False
Is 268013 a multiple of 2?
False
Does 926 divide 360434388?
True
Is 764 a factor of 8286344?
True
Is 62 a factor of 12365404?
True
Is 168102 a multiple of 108?
False
Is 965022686 a multiple of 10?
False
Is 174 a factor of 921111282?
True
Does 114 divide 859975361?
False
Is 16 a factor of 67281791?
False
Is 28 a factor of 33348924?
True
Is 18 a factor of 242422866?
True
Is 4818680 a multiple of 8?
True
Is 11 a factor of 7566354180?
True
Is 19680428 a multiple of 254?
True
Is 10820460 a multiple of 20?
True
Is 401 a factor of 15505066?
True
Is 234574386 a multiple of 370?
False
Does 4164 divide 321943140?
False
Is 14284953 a multiple of 2430?
False
Is 117483216 a multiple of 179?
F